{"id":594,"date":"2024-04-01T20:58:15","date_gmt":"2024-04-01T18:58:15","guid":{"rendered":"https:\/\/pup.ph-noe.ac.at\/?page_id=594"},"modified":"2025-09-30T17:06:17","modified_gmt":"2025-09-30T15:06:17","slug":"2023-24-philolympics","status":"publish","type":"page","link":"https:\/\/pup.ph-noe.ac.at\/index.php\/2023-24-philolympics\/","title":{"rendered":"2024"},"content":{"rendered":"<p>Am 29. und 30. J\u00e4nner 2024 fand der nieder\u00f6sterreichische Landeswettbewerb zur Philosophieolympiade in Krems statt.<\/p>\n<p>Hier ein paar Eindr\u00fccke der eifrigen Jungphilosoph*innen:<\/p>\n<p><img loading=\"lazy\" decoding=\"async\" class=\"alignnone size-medium wp-image-598\" src=\"https:\/\/pup.ph-noe.ac.at\/wp-content\/uploads\/2024\/04\/2023_24_Philolympics2-300x200.jpg\" alt=\"\" width=\"300\" height=\"200\" srcset=\"https:\/\/pup.ph-noe.ac.at\/wp-content\/uploads\/2024\/04\/2023_24_Philolympics2-300x200.jpg 300w, https:\/\/pup.ph-noe.ac.at\/wp-content\/uploads\/2024\/04\/2023_24_Philolympics2-1024x683.jpg 1024w, https:\/\/pup.ph-noe.ac.at\/wp-content\/uploads\/2024\/04\/2023_24_Philolympics2-768x512.jpg 768w, https:\/\/pup.ph-noe.ac.at\/wp-content\/uploads\/2024\/04\/2023_24_Philolympics2-1536x1024.jpg 1536w, https:\/\/pup.ph-noe.ac.at\/wp-content\/uploads\/2024\/04\/2023_24_Philolympics2-2048x1365.jpg 2048w\" sizes=\"auto, (max-width: 300px) 100vw, 300px\" \/><\/p>\n<p><img loading=\"lazy\" decoding=\"async\" class=\"alignnone size-medium wp-image-599\" src=\"https:\/\/pup.ph-noe.ac.at\/wp-content\/uploads\/2024\/04\/2023_24_Philolympics3-300x200.jpg\" alt=\"\" width=\"300\" height=\"200\" srcset=\"https:\/\/pup.ph-noe.ac.at\/wp-content\/uploads\/2024\/04\/2023_24_Philolympics3-300x200.jpg 300w, https:\/\/pup.ph-noe.ac.at\/wp-content\/uploads\/2024\/04\/2023_24_Philolympics3-1024x683.jpg 1024w, https:\/\/pup.ph-noe.ac.at\/wp-content\/uploads\/2024\/04\/2023_24_Philolympics3-768x512.jpg 768w, https:\/\/pup.ph-noe.ac.at\/wp-content\/uploads\/2024\/04\/2023_24_Philolympics3-1536x1024.jpg 1536w, https:\/\/pup.ph-noe.ac.at\/wp-content\/uploads\/2024\/04\/2023_24_Philolympics3-2048x1365.jpg 2048w\" sizes=\"auto, (max-width: 300px) 100vw, 300px\" \/><\/p>\n<p>Die geb\u00fchrende Siegerehrung gemeinsam mit den OrganisatorInnen und JurorInnen:<\/p>\n<p><img loading=\"lazy\" decoding=\"async\" class=\"alignnone size-medium wp-image-597\" src=\"https:\/\/pup.ph-noe.ac.at\/wp-content\/uploads\/2024\/04\/2023_24_Philolympics1-300x165.jpg\" alt=\"\" width=\"300\" height=\"165\" srcset=\"https:\/\/pup.ph-noe.ac.at\/wp-content\/uploads\/2024\/04\/2023_24_Philolympics1-300x165.jpg 300w, https:\/\/pup.ph-noe.ac.at\/wp-content\/uploads\/2024\/04\/2023_24_Philolympics1-1024x563.jpg 1024w, https:\/\/pup.ph-noe.ac.at\/wp-content\/uploads\/2024\/04\/2023_24_Philolympics1-768x422.jpg 768w, https:\/\/pup.ph-noe.ac.at\/wp-content\/uploads\/2024\/04\/2023_24_Philolympics1-1536x844.jpg 1536w, https:\/\/pup.ph-noe.ac.at\/wp-content\/uploads\/2024\/04\/2023_24_Philolympics1-2048x1126.jpg 2048w\" sizes=\"auto, (max-width: 300px) 100vw, 300px\" \/><\/p>\n<p>Wir gratulieren Leonhard Pauker (alias &#8222;Hegel&#8220;), Piaristengymnasium Krems zum Sieg.<\/p>\n<p><img loading=\"lazy\" decoding=\"async\" class=\"alignnone size-medium wp-image-600\" src=\"https:\/\/pup.ph-noe.ac.at\/wp-content\/uploads\/2024\/04\/2023_24_Philolympics4-300x200.jpg\" alt=\"\" width=\"300\" height=\"200\" srcset=\"https:\/\/pup.ph-noe.ac.at\/wp-content\/uploads\/2024\/04\/2023_24_Philolympics4-300x200.jpg 300w, https:\/\/pup.ph-noe.ac.at\/wp-content\/uploads\/2024\/04\/2023_24_Philolympics4-1024x683.jpg 1024w, https:\/\/pup.ph-noe.ac.at\/wp-content\/uploads\/2024\/04\/2023_24_Philolympics4-768x512.jpg 768w, https:\/\/pup.ph-noe.ac.at\/wp-content\/uploads\/2024\/04\/2023_24_Philolympics4-1536x1024.jpg 1536w, https:\/\/pup.ph-noe.ac.at\/wp-content\/uploads\/2024\/04\/2023_24_Philolympics4-2048x1365.jpg 2048w\" sizes=\"auto, (max-width: 300px) 100vw, 300px\" \/><\/p>\n<p><a href=\"https:\/\/pup.ph-noe.ac.at\/wp-content\/uploads\/2024\/04\/2023_24_Siegertext_Hegel.pdf\">2023_24_Siegertext_Hegel<\/a><\/p>\n","protected":false},"excerpt":{"rendered":"<p>Am 29. und 30. J\u00e4nner 2024 fand der nieder\u00f6sterreichische Landeswettbewerb zur Philosophieolympiade in Krems statt. Hier ein paar Eindr\u00fccke der eifrigen Jungphilosoph*innen: Die geb\u00fchrende Siegerehrung gemeinsam mit den OrganisatorInnen und JurorInnen: Wir gratulieren Leonhard Pauker (alias &#8222;Hegel&#8220;), Piaristengymnasium Krems zum Sieg. 2023_24_Siegertext_Hegel<\/p>\n","protected":false},"author":3,"featured_media":0,"parent":0,"menu_order":0,"comment_status":"closed","ping_status":"closed","template":"","meta":{"footnotes":""},"class_list":["post-594","page","type-page","status-publish","hentry"],"_links":{"self":[{"href":"https:\/\/pup.ph-noe.ac.at\/index.php\/wp-json\/wp\/v2\/pages\/594","targetHints":{"allow":["GET"]}}],"collection":[{"href":"https:\/\/pup.ph-noe.ac.at\/index.php\/wp-json\/wp\/v2\/pages"}],"about":[{"href":"https:\/\/pup.ph-noe.ac.at\/index.php\/wp-json\/wp\/v2\/types\/page"}],"author":[{"embeddable":true,"href":"https:\/\/pup.ph-noe.ac.at\/index.php\/wp-json\/wp\/v2\/users\/3"}],"replies":[{"embeddable":true,"href":"https:\/\/pup.ph-noe.ac.at\/index.php\/wp-json\/wp\/v2\/comments?post=594"}],"version-history":[{"count":7,"href":"https:\/\/pup.ph-noe.ac.at\/index.php\/wp-json\/wp\/v2\/pages\/594\/revisions"}],"predecessor-version":[{"id":619,"href":"https:\/\/pup.ph-noe.ac.at\/index.php\/wp-json\/wp\/v2\/pages\/594\/revisions\/619"}],"wp:attachment":[{"href":"https:\/\/pup.ph-noe.ac.at\/index.php\/wp-json\/wp\/v2\/media?parent=594"}],"curies":[{"name":"wp","href":"https:\/\/api.w.org\/{rel}","templated":true}]}}