{"id":123,"date":"2018-10-27T20:08:17","date_gmt":"2018-10-27T18:08:17","guid":{"rendered":"https:\/\/pup.ph-noe.ac.at\/new\/?page_id=123"},"modified":"2025-09-30T17:17:07","modified_gmt":"2025-09-30T15:17:07","slug":"neuigkeiten","status":"publish","type":"page","link":"https:\/\/pup.ph-noe.ac.at\/index.php\/neuigkeiten\/","title":{"rendered":"Neuigkeiten"},"content":{"rendered":"<h1><strong>Bundesseminar Psychologie u Philosophie<\/strong><\/h1>\n<p><strong><em>Bundesseminar SS 2026\u00a0<\/em><\/strong><\/p>\n<p>PUP-Bundesseminar am Do., 9. April (19.00 &#8211; 21.30 Uhr) und Fr., 10. April 2026 (9.00 &#8211; 18.00 Uhr)<\/p>\n<p>Thema: Psychologisch denken lernen. Psychologische Bildung als Ziel des Psychologieunterrichts<\/p>\n<p>Referentinnen: Dr. Maria Tulis (Universit\u00e4t Salzburg), Dr. Linda Wirthwein (TU Dortmund), David Fraissl (Universit\u00e4t Wien), DDr. Paul Gei\u00df (Universit\u00e4t Wien)<\/p>\n<p>Dieses Seminar ist eine Kooperation der Bundes-ARGE-PUP mit der \u00d6sterreichischen Gesellschaft f\u00fcr Psychologie (\u00d6GP).<\/p>\n<p><strong>Anmeldung vom 3. bis 30. 11. 2025<\/strong>\u00a0\u00fcber die\u00a0\u00a0<strong><a href=\"https:\/\/www.ph-online.ac.at\/pht\/\" target=\"_blank\" rel=\"noopener noreferrer\">PH-Tirol \u00bb<\/a><\/strong><br \/>\nSeminarnr.: 7F5.BPP3B02<\/p>\n<h1><strong>PuP-AG-Tagung 2025<\/strong><\/h1>\n<p>ARGE AHS Psychologie und Philosophie: Wehrhafte Demokratie.<\/p>\n<p>Demokratie beginnt im Kleinen: Von der Selbstsorge zur Sorge um das Gemeinwohl<\/p>\n<p>Vortragende: Mag. Dr. Cornelia Stefan, Philosophin an der Uni Klagenfurt<\/p>\n<p>Termin:\u00a0 \u00a0 \u00a0 \u00a0 \u00a0 \u00a0 Freitag, 07.11.2025, 09:00 \u2013 17:00 Uhr<\/p>\n<p>Ort:\u00a0 \u00a0 \u00a0PH N\u00d6 \u2013 Campus Melk (Seminarraum 101)<br \/>\nAbt-Karl-Stra\u00dfe 23\/I<br \/>\n3390 Melk<\/p>\n<p>&nbsp;<\/p>\n<p>Momentan k\u00f6nnen PuP-Lehrkr\u00e4fte auch ohne Mentor*innen-Ausbildung betreuen, da ein starker Mangel besteht.<br \/>\nUnter dem folgenden Link befinden sich die letzten Informationen f\u00fcr Personen, die sich als Mentorinnen \/ Mentoren f\u00fcr Studierende aus PuP anmelden m\u00f6chten:<br \/>\n<a href=\"https:\/\/pup.ph-noe.ac.at\/wp-content\/uploads\/2022\/07\/ZUR-BETREUUNG-DER-SCHULPRAXISPHASEN-IN-PUP.pdf\">Information zur Betreuung der Schulpraxisphasen\u00a0<\/a><br \/>\n<a href=\"https:\/\/pup.ph-noe.ac.at\/wp-content\/uploads\/2022\/07\/Intensivbetreuungsmodell-PUP-Master.pdf\">Intensivbetreuungsmodell der Praxisphase des PuP Masterstudiums<\/a><\/p>\n<p>&nbsp;<\/p>\n<h1><strong>Laufendes und Vergangenes<\/strong><\/h1>\n<p><strong><span style=\"color: #993366;\">alle Seminar-Unterlagen sind in <a style=\"color: #993366;\" href=\"https:\/\/moodle.ph-noe.ac.at\/ph-noe\/course\/view.php?id=718\" target=\"_blank\" rel=\"noopener noreferrer\">moodle-pup<\/a> abrufbar.<\/span><\/strong><\/p>\n<h2>zweit\u00e4gige Fortbildung zum Thema \u00c4sthetik<\/h2>\n<p>am 16. und 17. M\u00e4rz 2022<br \/>\nin Melk, PH f\u00fcr N\u00d6, Abt Karl Stra\u00dfe 23<br \/>\n9:00 \u2013 12:00 Belange der KollegInnen, Austausch<br \/>\n12:00 \u2013 13:00 Mittagessen<br \/>\n13:30 \u2013 17:30 Ass.-Prof. Dr. Dr. Helmut Jakob Deibl (Universit\u00e4t Wien):<br \/>\nLekt\u00fcre philosophischer Schl\u00fcsseltexte zur \u00c4sthetik von Platon bis Eco<br \/>\nin Wien, Museumsquartier, Museumsplatz 1<br \/>\nPhilosophische Spuren in der Kunst der Moderne. Praxistag im Museumsquartier (Voraussetzung: Teilnahme am Seminar vom 16. 3.)<\/p>\n<h2>\u201ePuP-AG auf youtube\u201c<\/h2>\n<p>Kolleginnen und Kollegen stellen ihre Tipps betreffend B\u00fccher oder Texte vor:<br \/>\n<a href=\"https:\/\/www.youtube.com\/watch?v=iBOkNFqIVag\" target=\"_blank\" rel=\"noopener noreferrer\">HOLZER<\/a>, <a href=\"https:\/\/www.youtube.com\/watch?v=7Qve1izY5Tw&amp;list=PLxqtK4WevVmDy7FA-4sfNJeJv1C4ORG69&amp;index=1\" target=\"_blank\" rel=\"noopener noreferrer\">K\u00d6NIG<\/a>, <a href=\"https:\/\/www.youtube.com\/watch?v=atBaorvjcA4\" target=\"_blank\" rel=\"noopener noreferrer\">K\u00dcHNL<\/a>, &#8230;<\/p>\n<h2>Philosophie-Olympiade<\/h2>\n<p>Ergebnisse des <a href=\"https:\/\/pup.ph-noe.ac.at\/index.php\/das-war-die-philosophie-olympiade\/\">Landeswettbewerbs &#8211; 2021<\/a><\/p>\n<h2>Clemens SANDER<\/h2>\n<p>hat im Sommer auf den Call for Papers eines deutschen Philosophieblogs reagiert, und sein Text mit grunds\u00e4tzlichen \u00dcberlegungen zum Philosophie- und Ethikunterricht wurde tats\u00e4chlich angenommen und ist jetzt erschienen.<\/p>\n<p>Hier der Link: \u00a0\u00a0<a href=\"https:\/\/www.praefaktisch.de\/bildung\/know-nothing-als-resultat-des-philosophie-und-ethikunterrichts\/\">https:\/\/www.praefaktisch.de\/bildung\/know-nothing-als-resultat-des-philosophie-und-ethikunterrichts\/<\/a><\/p>\n<h2>Philosophie-Olympiade 2019<\/h2>\n<p><img loading=\"lazy\" decoding=\"async\" class=\"alignleft size-full wp-image-372\" src=\"https:\/\/pup.ph-noe.ac.at\/wp-content\/uploads\/2019\/PhiloOlympiade_19\/19die2.jpg\" alt=\"\" width=\"1024\" height=\"702\" srcset=\"https:\/\/pup.ph-noe.ac.at\/wp-content\/uploads\/2019\/PhiloOlympiade_19\/19die2.jpg 1024w, https:\/\/pup.ph-noe.ac.at\/wp-content\/uploads\/2019\/PhiloOlympiade_19\/19die2-300x206.jpg 300w, https:\/\/pup.ph-noe.ac.at\/wp-content\/uploads\/2019\/PhiloOlympiade_19\/19die2-768x527.jpg 768w\" sizes=\"auto, (max-width: 767px) 89vw, (max-width: 1000px) 54vw, (max-width: 1071px) 543px, 580px\" \/><\/p>\n<h3>Seminar im Stift Melk<\/h3>\n<p><img loading=\"lazy\" decoding=\"async\" class=\"alignleft size-full wp-image-306\" src=\"https:\/\/pup.ph-noe.ac.at\/wp-content\/uploads\/2018\/10\/vorm-Stift.jpg\" alt=\"\" width=\"787\" height=\"591\" srcset=\"https:\/\/pup.ph-noe.ac.at\/wp-content\/uploads\/2018\/10\/vorm-Stift.jpg 787w, https:\/\/pup.ph-noe.ac.at\/wp-content\/uploads\/2018\/10\/vorm-Stift-300x225.jpg 300w, https:\/\/pup.ph-noe.ac.at\/wp-content\/uploads\/2018\/10\/vorm-Stift-768x577.jpg 768w\" sizes=\"auto, (max-width: 767px) 89vw, (max-width: 1000px) 54vw, (max-width: 1071px) 543px, 580px\" \/><\/p>\n<h3>Seminar zusammen mit BE in Mistelbach<\/h3>\n<figure id=\"attachment_296\" aria-describedby=\"caption-attachment-296\" style=\"width: 1600px\" class=\"wp-caption alignleft\"><img loading=\"lazy\" decoding=\"async\" class=\"size-full wp-image-296\" src=\"https:\/\/pup.ph-noe.ac.at\/wp-content\/uploads\/2018\/10\/PIC_0121.jpg\" alt=\"\" width=\"1600\" height=\"1200\" srcset=\"https:\/\/pup.ph-noe.ac.at\/wp-content\/uploads\/2018\/10\/PIC_0121.jpg 1600w, https:\/\/pup.ph-noe.ac.at\/wp-content\/uploads\/2018\/10\/PIC_0121-300x225.jpg 300w, https:\/\/pup.ph-noe.ac.at\/wp-content\/uploads\/2018\/10\/PIC_0121-768x576.jpg 768w, https:\/\/pup.ph-noe.ac.at\/wp-content\/uploads\/2018\/10\/PIC_0121-1024x768.jpg 1024w\" sizes=\"auto, (max-width: 767px) 89vw, (max-width: 1000px) 54vw, (max-width: 1071px) 543px, 580px\" \/><figcaption id=\"caption-attachment-296\" class=\"wp-caption-text\">DIGITAL CAMERA<\/figcaption><\/figure>\n","protected":false},"excerpt":{"rendered":"<p>Bundesseminar Psychologie u Philosophie Bundesseminar SS 2026\u00a0 PUP-Bundesseminar am Do., 9. April (19.00 &#8211; 21.30 Uhr) und Fr., 10. April 2026 (9.00 &#8211; 18.00 Uhr) Thema: Psychologisch denken lernen. Psychologische Bildung als Ziel des Psychologieunterrichts Referentinnen: Dr. Maria Tulis (Universit\u00e4t Salzburg), Dr. Linda Wirthwein (TU Dortmund), David Fraissl (Universit\u00e4t Wien), DDr. Paul Gei\u00df (Universit\u00e4t Wien) &hellip; <\/p>\n<p class=\"link-more\"><a href=\"https:\/\/pup.ph-noe.ac.at\/index.php\/neuigkeiten\/\" class=\"more-link\"><span class=\"screen-reader-text\">\u201eNeuigkeiten\u201c<\/span> weiterlesen<\/a><\/p>\n","protected":false},"author":2,"featured_media":0,"parent":0,"menu_order":0,"comment_status":"closed","ping_status":"closed","template":"","meta":{"footnotes":""},"class_list":["post-123","page","type-page","status-publish","hentry"],"_links":{"self":[{"href":"https:\/\/pup.ph-noe.ac.at\/index.php\/wp-json\/wp\/v2\/pages\/123","targetHints":{"allow":["GET"]}}],"collection":[{"href":"https:\/\/pup.ph-noe.ac.at\/index.php\/wp-json\/wp\/v2\/pages"}],"about":[{"href":"https:\/\/pup.ph-noe.ac.at\/index.php\/wp-json\/wp\/v2\/types\/page"}],"author":[{"embeddable":true,"href":"https:\/\/pup.ph-noe.ac.at\/index.php\/wp-json\/wp\/v2\/users\/2"}],"replies":[{"embeddable":true,"href":"https:\/\/pup.ph-noe.ac.at\/index.php\/wp-json\/wp\/v2\/comments?post=123"}],"version-history":[{"count":117,"href":"https:\/\/pup.ph-noe.ac.at\/index.php\/wp-json\/wp\/v2\/pages\/123\/revisions"}],"predecessor-version":[{"id":622,"href":"https:\/\/pup.ph-noe.ac.at\/index.php\/wp-json\/wp\/v2\/pages\/123\/revisions\/622"}],"wp:attachment":[{"href":"https:\/\/pup.ph-noe.ac.at\/index.php\/wp-json\/wp\/v2\/media?parent=123"}],"curies":[{"name":"wp","href":"https:\/\/api.w.org\/{rel}","templated":true}]}}